culate g(i).
-10
Suppose 5*w - 314 = 3*l - 403, l = -3*w - 31. Let g(q) = -2*q**2 - 32*q - 65. What is g(w)?
13
Suppose 8 = -12*g + 13*g - 5*k, 3*k = 3*g - 12. Let s(c) = -8*c**g + 18*c**3 + 2*c**2 - 8*c**2 - 10*c - 9*c**3 + 17. Determine s(7).
-4
Let t(j) = j - 40. Suppose -140 + 379 + 1237 = 123*l. Give t(l).
-28
Let v = -136 - -141. Suppose 0 = -v*d + 11*d + 252. Let o be d/11 - (155/(-55) - -3). Let l(c) = -c**3 - 3*c**2 + 3*c + 4. What is l(o)?
8
Let p(f) be the second derivative of f**4/4 - 5*f**3/3 + 3*f**2 + 3*f. Let d be p(4). Let c(i) = 4*i**2 + 2*i - i + d*i**3 - 13*i**3 + 4 - 2*i. Give c(-4).
8
Suppose -165*k + 567 = -347*k + 155*k. Let o(a) = a + 11. What is o(k)?
-10
Let k(x) = 43*x + 28. Let s(w) = 77*w + 53. Let l(d) = 9*k(d) - 5*s(d). Give l(4).
-5
Let r(y) = 24*y - 24 + 12 - 14*y - 31. Let i be r(5). Let l(h) = -4*h - 5. Calculate l(i).
-33
Suppose -145 + 83 = 31*v. Let z(b) = -b + 1. Let h = 6 + -9. Let k(j) = 2*j - 2. Let w(p) = h*k(p) - 5*z(p). Determine w(v).
3
Let w(r) = -6*r - 29. Let k = 5333 + -5342. Determine w(k).
25
Let d(s) = s**3 + 17*s**2 + 14*s - 18. Suppose 3*f = 2*a + 47, -3*a - 5*f + 308 = 331. What is d(a)?
14
Let c(k) = -k**3 - 2*k**2 + k - 2. Suppose 26*d + 42731 = 42731. Let v(f) = -1. Let j(a) = -a**2 + 7. Let u(m) = -j(m) - 4*v(m). Let g be u(d). Calculate c(g).
4
Let j(r) = -8*r**2 - 3*r + 61. Let y(l) = -14*l**2 - 5*l + 102. Let b(g) = -5*j(g) + 3*y(g). Let v(k) = k + 7. Let p be v(-9). What is b(p)?
-7
Let i(u) = -u - 28. Suppose -p + 1 = 0, -177*h - 4*p + 19 = -178*h. Calculate i(h).
-13
Let j(x) = 10*x - 107. Let d(p) = -2*p**3 + 20*p**2 - 28*p - 31. Let o be d(3). Give j(o).
3
Let j(z) = -z**2 - 6*z - 2. Let t be (25/(-20))/((-1)/12). Suppose -2*f - 2*w = 10, -4*f - 5*w - t = 6. Give j(f).
6
Let u(g) = 2*g**2 - 2*g - 6. Suppose -2*p + 0*a - a - 5 = 0, -4*a = -20. Let n(t) = -t**3 - 4*t**2 + 5*t + 3. Let w be n(p). What is u(w)?
6
Suppose 79*y + 8*y + 261 = 0. Let x(v) = -v**3 - 2*v**2 + 7*v + 10. What is x(y)?
-2
Let g(y) = y**3 - y**2 - 5. Suppose -2*n = -2*r - 6, -4*r + 3*n - 6 - 3 = 0. What is g(r)?
-5
Let u be (-40)/16*264/20. Let f be 4/3 - 2/18*u. Let y(m) be the third derivative of m**4/8 - m**3/3 - 3*m**2. What is y(f)?
13
Suppose 4*v - l = 4, v + 2*l = -0*l + 10. Let p be ((-8)/(-6))/(9/((-108)/(-8))). Let m(b) = -b + p*b**2 - 2*b**2 - b + 2*b**2. Calculate m(v).
4
Suppose 4*v + 5 + 19 = 0. Let d be -4 + 0*3/(-3 - v). Let f(a) = -a**3 - 3*a**2 + 4*a. What is f(d)?
0
Let h(t) = -t**3 - 19*t**2 + 24*t + 19. Let o = 519 - 539. What is h(o)?
-61
Let a(u) = u**3 - 2*u**2 + 4*u - 4. Let n be a(6). Let s(z) = 82 - n + 84 + 11*z. Calculate s(2).
24
Let q(c) = 12*c + 4*c - 45*c + 4*c + 7*c. Let g be 3/(-6)*4/(-2). What is q(g)?
-18
Let c = -3 - -7. Let b(v) be the third derivative of v**6/60 - v**5/15 - 5*v**4/24 + v**3/2 - 6*v**2 - 167. Calculate b(c).
47
Let i(d) = -77*d**2 - 3*d - 2. Let o = 5149 + -5150. Give i(o).
-76
Let t(h) be the third derivative of -h**6/120 - h**5/3 - 2*h**4/3 + 19*h**3/3 + 4*h**2 + 48. Calculate t(-19).
-19
Let m(l) = -10*l. Suppose -2*j - 17 = -5*g, 0*g + 8 = -2*j + 2*g. Let a = 0 - j. Suppose -q + a = 2. What is m(q)?
10
Let j(s) be the second derivative of s**4/12 + 5*s**3/6 - 7*s**2/2 + 2439*s. Determine j(-10).
43
Let n(h) = -7*h**2 - 126*h + 13. Let a be 7 - -2 - -54*(-19)/38. What is n(a)?
13
Suppose -4*i - 99 = -4*z - 159, -i - 2*z - 9 = 0. Let y(c) = 3*c**2 + 4*c - 4. Let s(l) = -5*l**2 - 9*l + 7. Let k(u) = 4*s(u) + 7*y(u). Determine k(i).
-7
Let t(j) = -5554089*j + 5554142*j + 1056 + 1037 - 377 - 68. What is t(-31)?
5
Let s(n) = n**3 + 20*n**2 - 68*n + 24. Let m be s(-23). Let p be 84/(-168)*2*m. Let l(k) = 0*k**3 - 9*k**3 + k**3 - k. What is l(p)?
9
Let d(q) = q**2 + 2*q - 43. Let l(y) = y**2 - 79*y - 328. Let h be l(-4). Determine d(h).
-19
Let n = 12 + -15. Suppose 0*c + 3*c + 9 = 2*r, 0 = 4*r + 4*c - 8. Let l(j) = -2 - 82*j**r + 37*j**3 - j**2 + 44*j**3. Give l(n).
16
Let m(s) be the first derivative of s**4/4 + 2*s**3 - 2*s**2 - 8*s + 4534. Let k(b) = b**2 + 7*b + 5. Let q be k(-4). Determine m(q).
-29
Let i be 8/(-2 - 0 - -1). Let l(q) be the first derivative of -8*q + 1/4*q**4 + 7/3*q**3 - 9/2*q**2 - 232. What is l(i)?
0
Suppose 0 = 6*r - r + 10. Let z(m) be the third derivative of m**4/3 - 2*m**3 - 101*m**2. Let s(u) = -4*u + 5. Let n(a) = 7*s(a) + 3*z(a). Determine n(r).
7
Let m(x) be the first derivative of -17*x**2/2 - 98*x + 545. Give m(-6).
4
Let p = 44 - -35. Let q = p - 77. Let k(y) = -y**2 + 2*y - 1. Determine k(q).
-1
Let y(t) = -t**3 + 6*t**2 - 6*t + 6. Let g be ((-165)/(-2))/(4/16). Let l = 336 - g. What is y(l)?
-30
Let q(x) = -526*x + 5. Let s(p) = 294*p - 3. Let g(u) = 5*q(u) + 9*s(u). What is g(-8)?
-130
Suppose 9 = 21*u - 12*u. Let f be u/((-2)/24*-4). Let y(v) = -v**3 + 4*v**2 - v - 2. Give y(f).
4
Let d(o) = 184 - 371 + 2*o + 184. Let x(b) = b + 1. Let m be x(3). Let v be ((-4)/(-5))/(m/(-20)). Give d(v).
-11
Let r(b) = -3*b - 8. Let t(x) = 677*x + 6086. Let a be t(-9). Give r(a).
13
Let g(m) = m - 21. Let t(w) = 10*w - 37. Let p be t(10). Let x = 64 - p. Let f be 9 + -1 + (-2)/(0 - x). Determine g(f).
-11
Suppose -1156 = 14*c + 160. Let r = c + 88. Let i(y) = 5*y + 2*y**3 - y**3 - 18*y**2 + 25*y**2 + 4. Calculate i(r).
10
Let b(q) = 2*q**2 + 6 + 5*q**2 - 3*q**2 + q**3 + 5*q. Let a(h) = -h**3 - 6*h**2 - 4*h - 3. Let w be ((-2)/(-3))/((-108)/162). Let i be a(w). Give b(i).
-14
Let r(x) = -6*x + 78. Let o(m) = m**3 - 18*m**2 - 16*m + 308. Let k be o(18). What is r(k)?
-42
Let y(m) = -6 - 3352*m + 3352*m + m**3 + 6*m**2. Suppose 0 = -o - b + 13, -b + 4*b = 4*o - 52. Let l = o + -19. What is y(l)?
-6
Let m(k) be the first derivative of -k**3/3 + 25*k**2/2 + 37*k - 851. Determine m(26).
11
Let l be (1 + 2 - (19 - 16))/1. Let x(u) = u**2 + 2. What is x(l)?
2
Let n(q) be the third derivative of q**6/3 + q**5/60 - q**3/6 + 16*q**2 + 23*q. Calculate n(-1).
-40
Let c(q) be the second derivative of 0*q**2 - 7/6*q**3 + 1/12*q**4 + 2 + 6*q. What is c(8)?
8
Let i(x) = -15*x**2 - x**3 - 4*x**2 - 45 - x**3 + 6345*x + 3*x**3 - 6344*x. What is i(19)?
-26
Let p(x) = -x**2 + 41. Let z(b) = b**3 + 9*b**2 + 11*b + 30. Let h be z(-8). Calculate p(h).
5
Let u(a) = 4*a**2 + 2 + 83*a**3 - 45*a**3 - 6*a**2 - 2*a**2 - 37*a**3. What is u(4)?
2
Let s(v) = -v - 2. Let i be s(-3). Suppose -y = 2*o - 31, -y = 5*o - 48 + 14. Let t(k) = 30*k + i + 4 - y*k. Calculate t(0).
5
Let y(h) = -h**3 - 11*h**2 + 4*h + 48. Let a be y(-11). Let q be ((-16)/4)/(-2 - -1). Let p(i) = -q*i - i**3 + 4*i**2 + 0*i**2 + i**2 + 3 + 0. Determine p(a).
3
Let m(n) = -5*n**2 - 1. Suppose 0*q + 76 = 4*q. Let v be (-20)/4*-1 + q. Let s = v - 23. Determine m(s).
-6
Let i(w) = 2*w**2. Let h(x) = 4*x**2. Let a(y) = 4*h(y) - 9*i(y). Suppose t + 3*s + 5 = 0, -t = -71*s + 69*s. Give a(t).
-8
Let t(r) = r**2 + 6*r + 1. Let i(k) = 4*k**2 + 43*k + 9. Let a(z) = 2*i(z) - 15*t(z). Give a(1).
-8
Let n(u) = -u**3 - 16*u**2 - 43*u - 46. Let d be n(-13). Let w(s) = -s**3 + 4*s**2 + d*s + 116 + 110 - 226. Determine w(5).
5
Let x(s) = 11*s**2 + 3*s + 1. Let r(l) = 53*l**2 + 24*l. Let g(j) = -r(j) + 5*x(j). What is g(0)?
5
Let c(m) = 37*m + 79 + 16*m - 67*m. Determine c(6).
-5
Let j(a) = -269*a**3 + 46*a**2 + 52*a + 8. Let u(b) = 112*b**3 - 19*b**2 - 21*b - 3. Let p(c) = -5*j(c) - 12*u(c). Let f be 2/(-8) - 34/(-8). What is p(f)?
-4
Let n(i) be the first derivative of i**2/2 - 22*i - 24087. Suppose -3*x + 2 = -58. Give n(x).
-2
Let m(a) = -a**3 - 12*a**2 - 3*a - 28. Let r be m(-12). Let y(s) = -5*s**2 - s + 1. Let j(d) = -d**2 + d. Let w(u) = -6*j(u) + y(u). Calculate w(r).
9
Let i(q) = 3*q**2 - 17*q + 1. Suppose 4*c = 3*c + 6. Let n be i(c). Let o(v) = v + 2. Calculate o(n).
9
Let q(r) be the third derivative of -13*r**4/24 + 261*r**2. Let b be (-1)/(-3)*-2 + (-2)/6. Determine q(b).
13
Let b(x) = 18 + 16 - 9 + 16 - 32 - 11 + x. Let a(r) = -r**2 - 3*r + 2. Let f be a(-3). Suppose -5*m = 3*u - 10, 2*m + f*m - 5*u = 8. What is b(m)?
0
Let m(a) = 3412 - 15*a**2 - 2*a**3 - 2*a + 21*a**2 - 1705 - 1708. Determine m(5).
-111
Let o(n) = 7*n - 4. Let p be (-8)/(-2)*9/6. Suppose 13*x - p*x = -21. Give o(x).
-25
Let p be 2/3 + 2/6. Suppose 4*t = 4*l - 0*l, 0 = l + 4*t. Let d(h) = -10*h**2 - 6*h**3 + 10*h**2 + l*h**2